 the billions digit of 1386464326?
1
What is the hundred thousands digit of 99395018?
3
What is the units digit of 556347686?
6
What is the units digit of 535298206?
6
What is the ten millions digit of 14338146?
1
What is the hundreds digit of 315324068?
0
What is the ten thousands digit of 72278569?
7
What is the thousands digit of 29497233?
7
What is the units digit of 1166751636?
6
What is the hundred millions digit of 704599077?
7
What is the tens digit of 495594400?
0
What is the hundred thousands digit of 39216546?
2
What is the units digit of 2682694143?
3
What is the hundred millions digit of 266972200?
2
What is the tens digit of 157466020?
2
What is the ten thousands digit of 40602095?
0
What is the hundreds digit of 1338133927?
9
What is the thousands digit of 2727950316?
0
What is the hundred thousands digit of 2156240?
1
What is the ten thousands digit of 97154352?
5
What is the thousands digit of 21026882?
6
What is the ten thousands digit of 26738620?
3
What is the ten millions digit of 106956718?
0
What is the hundred millions digit of 368336628?
3
What is the hundred thousands digit of 1630660102?
6
What is the hundred millions digit of 803569352?
8
What is the hundreds digit of 35296084?
0
What is the hundred millions digit of 186183475?
1
What is the units digit of 102021987?
7
What is the hundreds digit of 232573575?
5
What is the millions digit of 9174718?
9
What is the hundred thousands digit of 105145370?
1
What is the hundreds digit of 94630079?
0
What is the ten thousands digit of 127379400?
7
What is the ten millions digit of 208606913?
0
What is the ten millions digit of 109097885?
0
What is the ten millions digit of 7122675957?
2
What is the hundreds digit of 69378690?
6
What is the units digit of 101445920?
0
What is the units digit of 134514519?
9
What is the hundreds digit of 67049512?
5
What is the ten thousands digit of 3272719137?
1
What is the hundred thousands digit of 179464926?
4
What is the hundreds digit of 7533675?
6
What is the billions digit of 1639592533?
1
What is the ten thousands digit of 54599973?
9
What is the millions digit of 4567833998?
7
What is the millions digit of 4899818623?
9
What is the hundred millions digit of 272136649?
2
What is the hundred millions digit of 875231140?
8
What is the ten thousands digit of 469369095?
6
What is the ten millions digit of 1215355766?
1
What is the ten millions digit of 1422622745?
2
What is the ten thousands digit of 109257?
0
What is the tens digit of 139717595?
9
What is the hundred thousands digit of 39308232?
3
What is the hundreds digit of 5223234081?
0
What is the hundred thousands digit of 124153911?
1
What is the hundred thousands digit of 23560595?
5
What is the thousands digit of 5093579910?
9
What is the hundreds digit of 6430351?
3
What is the units digit of 43112411?
1
What is the ten thousands digit of 53950491?
5
What is the thousands digit of 71452185?
2
What is the millions digit of 16348959?
6
What is the ten millions digit of 120954273?
2
What is the millions digit of 313076663?
3
What is the tens digit of 233870643?
4
What is the hundred thousands digit of 2736925824?
9
What is the hundred millions digit of 157627606?
1
What is the hundred millions digit of 4185372214?
1
What is the millions digit of 2001453219?
1
What is the tens digit of 33266554?
5
What is the millions digit of 7346541314?
6
What is the hundreds digit of 453546865?
8
What is the hundred thousands digit of 633525581?
5
What is the thousands digit of 54824740?
4
What is the hundreds digit of 3588821172?
1
What is the millions digit of 71589575?
1
What is the hundreds digit of 7233414?
4
What is the ten millions digit of 1307914380?
0
What is the ten thousands digit of 222405009?
0
What is the hundred thousands digit of 75453875?
4
What is the ten millions digit of 44638005?
4
What is the thousands digit of 117344954?
4
What is the ten thousands digit of 2195058089?
5
What is the hundreds digit of 1750248612?
6
What is the ten thousands digit of 171527642?
2
What is the hundred thousands digit of 860458841?
4
What is the ten millions digit of 471348458?
7
What is the ten millions digit of 129945940?
2
What is the hundreds digit of 1590312521?
5
What is the hundred millions digit of 670422365?
6
What is the tens digit of 2689845646?
4
What is the thousands digit of 388307496?
7
What is the millions digit of 2703977297?
3
What is the units digit of 12269128?
8
What is the ten thousands digit of 7204196704?
9
What is the millions digit of 2879276224?
9
What is the units digit of 1566357390?
0
What is the hundred thousands digit of 1062138475?
1
What is the thousands digit of 721250292?
0
What is the ten millions digit of 1736489268?
3
What is the tens digit of 139039822?
2
What is the millions digit of 146454316?
6
What is the hundreds digit of 943101281?
2
What is the hundreds digit of 3872270290?
2
What is the thousands digit of 3764147273?
7
What is the thousands digit of 2724635015?
5
What is the hundreds digit of 28645218?
2
What is the hundreds digit of 20280078?
0
What is the ten thousands digit of 608297258?
9
What is the thousands digit of 25670948?
0
What is the hundred thousands digit of 2051128915?
1
What is the units digit of 6522859?
9
What is the ten millions digit of 680356177?
8
What is the ten millions digit of 1220522601?
2
What is the hundred thousands digit of 20095260?
0
What is the hundreds digit of 6189782789?
7
What is the ten millions digit of 426962308?
2
What is the ten thousands digit of 3794817386?
1
What is the units digit of 25067114?
4
What is the hundreds digit of 650455955?
9
What is the hundreds digit of 3896076077?
0
What is the hundred millions digit of 2231196088?
2
What is the hundred thousands digit of 57135338?
1
What is the hundred millions digit of 551357471?
5
What is the thousands digit of 38025628?
5
What is the thousands digit of 66426380?
6
What is the tens digit of 252047588?
8
What is the thousands digit of 311846092?
6
What is the units digit of 178556553?
3
What is the tens digit of 246981640?
4
What is the hundreds digit of 3703878368?
3
What is the millions digit of 26966766?
6
What is the hundreds digit of 51076310?
3
What is the hundreds digit of 11395877?
8
What is the ten thousands digit of 49406411?
0
What is the hundred millions digit of 508938176?
5
What is the ten thousands digit of 580771584?
7
What is the hundred thousands digit of 29493452?
4
What is the tens digit of 51468519?
1
What is the units digit of 921709785?
5
What is the ten millions digit of 6021957976?
2
What is the hundred millions digit of 179307488?
1
What is the tens digit of 185022583?
8
What is the hundred thousands digit of 23105412?
1
What is the tens digit of 6670988?
8
What is the thousands digit of 4749944472?
4
What is the ten thousands digit of 587977290?
7
What is the millions digit of 144511794?
4
What is the ten millions digit of 3067364956?
6
What is the hundreds digit of 1553113245?
2
What is the units digit of 28093286?
6
What is the hundred millions digit of 137375836?
1
What is the millions digit of 2199313571?
9
What is the hundreds digit of 3299009734?
7
What is the hundred thousands digit of 309832460?
8
What is the units digit of 402350651?
1
What is the units digit of 464305858?
8
What is the millions digit of 227146496?
7
What is the ten thousands digit of 70855659?
5
What is the hundred thousands digit of 212692312?
6
What is the millions digit of 49235287?
9
What is the millions digit of 305074855?
5
What is the units digit of 58864538?
8
What is the billions digit of 1855650609?
1
What is the thousands digit of 3008233278?
3
What is the hundred thousands digit of 92065392?
0
What is the units digit of 271060496?
6
What is the ten thousands digit of 67045996?
4
What is the ten thousands digit of 272046306?
4
What is the hundred millions digit of 699126794?
6
What is the ten millions digit of 643331993?
4
What is the thousands digit of 536460051?
0
What is the units digit of 662291069?
9
What is the tens digit of 289456170?
7
What is the ten thousands digit of 368710892?
1
What is the ten thousands digit of 3245569022?
6
What is the hundred thousands digit of 612268915?
2
What is the tens digit of 20801942?
4
